103.
21
What is the remainder when 10360 is divided by 2039?
165
Calculate the remainder when 3918 is divided by 486.
30
What is the remainder when 7821 is divided by 651?
9
Calculate the remainder when 63185 is divided by 63.
59
What is the remainder when 20590 is divided by 704?
174
What is the remainder when 50742 is divided by 2306?
10
Calculate the remainder when 694 is divided by 253.
188
Calculate the remainder when 16712 is divided by 190.
182
What is the remainder when 360504 is divided by 19?
17
What is the remainder when 220347 is divided by 125?
97
Calculate the remainder when 68402 is divided by 114.
2
What is the remainder when 420524 is divided by 210259?
6
What is the remainder when 1494 is divided by 1342?
152
What is the remainder when 154977 is divided by 1210?
97
Calculate the remainder when 12987 is divided by 17.
16
Calculate the remainder when 3267 is divided by 530.
87
What is the remainder when 3296 is divided by 685?
556
What is the remainder when 2303 is divided by 459?
8
Calculate the remainder when 14205 is divided by 287.
142
Calculate the remainder when 2343 is divided by 193.
27
What is the remainder when 1297 is divided by 21?
16
What is the remainder when 25322 is divided by 6?
2
What is the remainder when 4660 is divided by 58?
20
What is the remainder when 9096 is divided by 207?
195
Calculate the remainder when 4433 is divided by 1262.
647
What is the remainder when 328 is divided by 23?
6
Calculate the remainder when 461375 is divided by 131.
124
Calculate the remainder when 10912 is divided by 46.
10
Calculate the remainder when 891088 is divided by 187.
33
Calculate the remainder when 30991 is divided by 508.
3
Calculate the remainder when 247153 is divided by 27.
22
What is the remainder when 28626 is divided by 68?
66
What is the remainder when 935 is divided by 800?
135
What is the remainder when 996367 is divided by 10?
7
What is the remainder when 42775 is divided by 2250?
25
What is the remainder when 4678849 is divided by 110?
109
What is the remainder when 1935 is divided by 966?
3
What is the remainder when 660 is divided by 590?
70
Calculate the remainder when 21991 is divided by 611.
606
Calculate the remainder when 55094 is divided by 3933.
32
Calculate the remainder when 52391 is divided by 970.
11
What is the remainder when 71270 is divided by 118?
116
What is the remainder when 5560 is divided by 2?
0
What is the remainder when 396454 is divided by 37?
36
What is the remainder when 30110 is divided by 4?
2
What is the remainder when 920 is divided by 24?
8
What is the remainder when 851 is divided by 277?
20
What is the remainder when 1524 is divided by 294?
54
What is the remainder when 53255 is divided by 402?
191
What is the remainder when 7280 is divided by 38?
22
Calculate the remainder when 12559 is divided by 12405.
154
Calculate the remainder when 15138 is divided by 145.
58
Calculate the remainder when 43539 is divided by 10879.
23
What is the remainder when 4936 is divided by 76?
72
Calculate the remainder when 16560 is divided by 17.
2
What is the remainder when 33639 is divided by 13?
8
What is the remainder when 11017 is divided by 10?
7
What is the remainder when 8378 is divided by 660?
458
What is the remainder when 6967 is divided by 6918?
49
What is the remainder when 101194 is divided by 34?
10
Calculate the remainder when 2018 is divided by 282.
44
What is the remainder when 60019 is divided by 122?
117
Calculate the remainder when 2452 is divided by 2364.
88
What is the remainder when 344138 is divided by 79?
14
Calculate the remainder when 1665 is divided by 548.
21
Calculate the remainder when 45066 is divided by 36.
30
What is the remainder when 7016 is divided by 65?
61
Calculate the remainder when 15375 is divided by 350.
325
Calculate the remainder when 52114 is divided by 537.
25
Calculate the remainder when 1325 is divided by 417.
74
Calculate the remainder when 335622 is divided by 75.
72
Calculate the remainder when 4918064 is divided by 79.
77
What is the remainder when 620 is divided by 126?
116
Calculate the remainder when 17630 is divided by 77.
74
What is the remainder when 964194 is divided by 1607?
1601
What is the remainder when 60261 is divided by 80?
21
What is the remainder when 1147 is divided by 110?
47
Calculate the remainder when 1271 is divided by 194.
107
Calculate the remainder when 2214 is divided by 6.
0
Calculate the remainder when 3303 is divided by 100.
3
What is the remainder when 38562 is divided by 3212?
18
Calculate the remainder when 2454 is divided by 262.
96
Calculate the remainder when 18141 is divided by 162.
159
What is the remainder when 25362 is divided by 30?
12
Calculate the remainder when 43887 is divided by 110.
107
What is the remainder when 210593 is divided by 55?
53
Calculate the remainder when 10542 is divided by 179.
160
Calculate the remainder when 58155 is divided by 576.
555
What is the remainder when 56330 is divided by 2072?
386
Calculate the remainder when 7996 is divided by 43.
41
What is the remainder when 95441 is divided by 5?
1
Calculate the remainder when 2681725 is divided by 2154.
2149
What is the remainder when 26763 is divided by 107?
13
Calculate the remainder when 6760 is divided by 281.
16
What is the remainder when 19151 is divided by 1064?
1063
What is the remainder when 908 is divided by 245?
173
What is the remainder when 38582 is divided by 9640?
22
Calculate the remainder when 172 is divided by 18.
10
Calculate the remainder when 1883 is divided by 4.
3
What is the remainder when 22898 is divided by 25?
23
What is the remainder when 2230 is divided by 249?
238
Calculate the remainder when 392461 is divided by 149.
144
Calculate the remainder when 221759 is divided by 112.
111
Calculate the remainder when 26951 is divided by 110.
1
What is the remainder when 30225 is divided by 7547?
37
What is the remainder when 71935 is divided by 109?
104
What is the remainder when 1669 is divided by 751?
167
What is the remainder when 1028 is divided by 939?
89
Calculate the remainder when 300734 is divided by 967.
964
What is the remainder when 1012 is divided by 1001?
11
What is the remainder when 4642 is divided by 289?
18
What is the remainder when 287230 is divided by 102?
100
Calculate the remainder when 11430 is divided by 228.
30
Calculate the remainder when 1458 is divided by 54.
0
Calculate the remainder when 153368 is divided by 4258.
80
Calculate the remainder when 325494 is divided by 108489.
27
Calculate the remainder when 137677 is divided by 710.
647
Calculate the remainder when 460076 is divided by 270.
266
What is the remainder when 553612 is divided by 62?
14
Calculate the remainder when 22059 is divided by 368.
347
Calculate the remainder when 458 is divided by 22.
18
What is the remainder when 25519 is divided by 12670?
179
What is the remainder when 130923 is divided by 4672?
107
Calculate the remainder when 3195 is divided by 625.
70
Calculate the remainder when 28456 is divided by 4736.
40
What is the remainder when 190 is divided by 52?
34
Calculate the remainder when 891 is divided by 28.
23
Calculate the remainder when 3984 is divided by 66.
24
Calculate the remainder when 3319 is divided by 1596.
127
What is the remainder when 15086 is divided by 16?
14
What is the remainder when 10538 is divided by 439?
2
Calculate the remainder when 8011 is divided by 12.
7
What is the remainder when 339069 is divided by 48?
45
Calculate the remainder when 26680 is divided by 20.
0
What is the remainder when 25472 is divided by 25462?
10
Calculate the remainder when 3559 is divided by 1144.
127
Calculate the remainder when 9860 is divided by 426.
62
What is the remainder when 4384 is divided by 415?
234
Calculate the remainder when 803588 is divided by 163.
161
What is the remainder when 1396 is divided by 117?
109
Calculate the remainder when 54465 is divided by 6800.
65
What is the remainder when 12277 is divided by 130?
57
Calculate the remainder when 86547 is divided by 577.
574
Calculate the remainder when 216369 is divided by 5.
4
Calculate the remainder when 195158 is divided by 82.
80
What is the remainder when 4480 is divided by 246?
52
What is the remainder when 31389 is divide